25 and 5177810?
55
What is the highest common factor of 1299264 and 15812?
268
Calculate the greatest common divisor of 7811720 and 253.
23
What is the highest common factor of 53125 and 149400?
25
What is the highest common factor of 4876888 and 2?
2
What is the highest common factor of 1311 and 3829017?
69
Calculate the greatest common divisor of 888 and 164436.
12
Calculate the highest common factor of 1652264 and 2584.
136
Calculate the greatest common divisor of 141750 and 547554.
42
Calculate the greatest common factor of 25159640 and 964760.
10840
What is the greatest common divisor of 166518 and 873?
9
Calculate the greatest common divisor of 156 and 57797961.
39
What is the highest common divisor of 193728 and 10848?
96
Calculate the highest common factor of 948 and 26302848.
12
What is the highest common factor of 413698 and 10873?
131
What is the highest common divisor of 1428 and 201265533?
357
Calculate the greatest common factor of 3233639 and 46.
23
Calculate the highest common factor of 514 and 7799179.
257
What is the greatest common divisor of 212 and 89876446?
106
What is the highest common divisor of 5 and 134700910?
5
What is the highest common divisor of 5 and 25278005?
5
Calculate the highest common factor of 1189103508 and 72.
36
Calculate the highest common divisor of 309810 and 722430.
690
What is the highest common factor of 3744268 and 4988?
172
Calculate the highest common factor of 1150712 and 545144.
664
What is the highest common factor of 54191271 and 53316?
4443
Calculate the highest common divisor of 378 and 76242735.
27
Calculate the highest common divisor of 1072 and 7480215.
67
Calculate the highest common divisor of 3110400 and 21300.
300
What is the greatest common divisor of 10808 and 114038296?
1544
Calculate the highest common divisor of 19817 and 455392.
133
Calculate the highest common divisor of 71625 and 160631.
191
Calculate the highest common divisor of 4409760 and 420.
60
Calculate the highest common factor of 195440 and 31061.
349
What is the greatest common divisor of 1672272 and 39347?
49
Calculate the greatest common factor of 117 and 192069189.
117
What is the greatest common divisor of 54 and 1913679?
27
What is the highest common divisor of 11382 and 1586349177?
5691
Calculate the highest common factor of 184 and 3117650.
46
Calculate the highest common factor of 4809054 and 38.
2
Calculate the highest common factor of 300 and 27194525.
25
What is the highest common factor of 1449394 and 18511?
173
Calculate the highest common divisor of 14880 and 702615.
465
What is the highest common divisor of 1343352 and 3765?
753
Calculate the greatest common divisor of 303 and 3089186.
101
What is the highest common factor of 165466 and 8162?
742
Calculate the greatest common divisor of 14 and 27728834.
14
Calculate the greatest common divisor of 837 and 182081259.
279
Calculate the greatest common factor of 6672 and 3163779.
417
What is the greatest common factor of 557130 and 1452?
6
Calculate the greatest common divisor of 12304674 and 5904.
738
Calculate the highest common divisor of 12149278 and 718.
718
Calculate the highest common divisor of 320 and 29547840.
320
Calculate the highest common divisor of 305690 and 560.
70
Calculate the greatest common divisor of 549024 and 7728.
336
Calculate the greatest common factor of 50998 and 3198642.
1186
What is the highest common factor of 1373 and 710869377?
1373
What is the greatest common divisor of 1411894 and 139722?
638
What is the highest common divisor of 14577 and 1132491?
129
What is the greatest common divisor of 27927 and 1813689?
261
What is the greatest common divisor of 24217 and 12505?
61
Calculate the greatest common divisor of 441317025 and 425.
425
What is the highest common divisor of 429093 and 207?
9
What is the greatest common divisor of 50 and 932590?
10
Calculate the highest common factor of 29340 and 170760.
60
What is the highest common divisor of 2332968 and 18?
6
What is the greatest common factor of 6636580 and 70?
10
What is the highest common divisor of 182745 and 120807?
279
What is the highest common factor of 817 and 3370727?
43
Calculate the highest common factor of 699254 and 8018.
422
Calculate the highest common divisor of 1117088 and 131488.
224
What is the greatest common divisor of 908 and 5097058?
454
Calculate the greatest common factor of 428925 and 39924339.
17157
Calculate the highest common divisor of 119 and 62901615.
119
What is the highest common divisor of 1380 and 50908200?
1380
Calculate the highest common divisor of 411781 and 63625.
509
What is the highest common factor of 36816434 and 3252?
542
Calculate the highest common divisor of 19300769 and 97.
97
Calculate the greatest common divisor of 33015175 and 25.
25
Calculate the greatest common divisor of 28918 and 71972.
38
What is the greatest common divisor of 10 and 10119210?
10
Calculate the highest common divisor of 2036478964 and 74.
74
Calculate the highest common divisor of 3552283 and 9659.
743
What is the highest common divisor of 237 and 25179591?
237
Calculate the highest common factor of 75595 and 3445.
65
What is the greatest common factor of 82006 and 2701816?
626
What is the highest common divisor of 21961016 and 1936?
968
Calculate the greatest common factor of 652 and 19558696.
652
What is the greatest common factor of 134 and 522130330?
134
What is the greatest common factor of 2354820 and 39156?
156
Calculate the highest common factor of 1668947 and 217.
217
Calculate the greatest common factor of 17000 and 9623000.
1000
What is the highest common divisor of 120491874 and 2268?
162
What is the highest common factor of 886777976 and 14?
14
Calculate the greatest common divisor of 250468416 and 1056.
1056
Calculate the highest common factor of 5017131 and 250551.
6111
Calculate the greatest common divisor of 416 and 9847136.
416
What is the greatest common divisor of 6592 and 7143872?
64
What is the greatest common divisor of 118944 and 23400?
72
What is the highest common factor of 39598608 and 128640?
3216
Calculate the highest common divisor of 174 and 13266282.
174
Calculate the greatest common divisor of 1394 and 102164169.
697
What is the greatest common divisor of 2173 and 295774?
41
What is the greatest common divisor of 1345767 and 39444?
519
What is the highest common factor of 6647 and 27896677?
391
What is the greatest common factor of 480 and 175588080?
240
Calculate the greatest common divisor of 705 and 901335.
15
Calculate the greatest common factor of 60164766 and 66.
6
Calculate the greatest common factor of 630 and 21891310.
70
Calculate the greatest common divisor of 22440 and 2166582.
1122
Calculate the greatest common factor of 3632580001 and 103.
103
What is the greatest common factor of 7608 and 940856?
2536
Calculate the greatest common factor of 68092 and 94482.
58
Calculate the highest common factor of 83444 and 8924.
92
What is the greatest common factor of 325 and 1079875?
25
Calculate the greatest common divisor of 14421 and 300289.
11
What is the greatest common divisor of 10193560 and 130?
130
What is the highest common divisor of 108234 and 1120?
14
Calculate the highest common factor of 367343 and 4381987.
1537
What is the greatest common factor of 8684 and 41353?
13
What is the greatest common factor of 31249340 and 41220?
4580
What is the greatest common factor of 2488 and 32250389?
311
What is the highest common factor of 53696 and 233242?
1678
What is the highest common factor of 94568749 and 11?
11
Calculate the greatest common factor of 32 and 2245616.
16
Calculate the highest common divisor of 1121813284 and 2707.
2707
What is the highest common factor of 34998684 and 5244?
228
What is the greatest common divisor of 33781 and 1528581?
37
What is the highest common factor of 7538 and 204?
2
Calculate the highest common factor of 49071386 and 104.
26
What is the greatest common factor of 18443739 and 4350?
87
Calculate the highest common divisor of 33 and 966862259.
11
Calculate the highest common factor of 184416 and 107304.
408
What is the highest common divisor of 43757214 and 18?
6
What is the highest common factor of 9789176 and 2696?
2696
Calculate the greatest common factor of 